{"id":109,"date":"2025-03-28T17:27:03","date_gmt":"2025-03-28T15:27:03","guid":{"rendered":"https:\/\/stiintasitehnica.com\/shop\/?post_type=product&#038;p=109"},"modified":"2025-03-28T17:27:03","modified_gmt":"2025-03-28T15:27:03","slug":"revista-stiintatehnica-numarul-104","status":"publish","type":"product","link":"https:\/\/stiintasitehnica.com\/shop\/produs\/revista-stiintatehnica-numarul-104\/","title":{"rendered":"Revista Stiinta&#038;Tehnica numarul 104"},"content":{"rendered":"<div class=\"col s12 m8 center\"><span class=\"inlineblock bold-light grey-text text-darken-2 purchase-link-title\">Stiinta&amp;Tehnica 104 \/ aprilie 2021<\/span><\/div>\n<div class=\"col s12 m8 center\"><span class=\"inlineblock grey-text text-darken-1\">Alexandru Mironov: Despre mersul lumii \u2022 ASTROFEST 2021 \u2022 Cristian Rom\u00e2n: NEWS \u2022 Claudiu Andone: PROTOTIPURI \u2022 Cristi Grigore: Outer Wilds \u2022 Domnul Dioda: Aproape totul despre Arduino \u2022 Gheorghe Gheorghe: O platform\u0103 robotic\u0103 inteligent\u0103 tip COBOT \u2022 Cristian Presur\u0103: 10 materiale care pot schimba lumea \u2022 Claudiu Andone: Creanga locuibil\u0103 \u2022 Adrian B\u0103nu\u021b\u0103 &amp; Liliana Jardea: Gr\u0103dinile de la NASA \u2022 Andrei Doroban\u021bu: Aventura reactorului nuclear (2) \u2022 C\u0103t\u0103lin Beldea: Astro-mituri \u2022 Cristian Rom\u00e2n: MARS SAMPLE RETURN \u2022 Gabriel Neagu: Urm\u0103rind stelele variabile \u2022 Claudiu T\u0103n\u0103selia: Sta\u021bia Spa\u021bial\u0103 Interna\u021bional\u0103 \u00een 2021 \u2022 Cristian Rom\u00e2n: O solu\u021bie pentru warp drive? \u2022 Carol Florea: Armele hipersonice \u2022 Marian Tru\u021b\u0103: Gherman Titov, al doilea cosmonaut sovietic \u2022 Bogdan Iv\u0103nescu: Cele mai serioase amenin\u021b\u0103ri virale \u2022 Dan Pere\u021bianu: C\u00e2nd sc\u0103p\u0103m de masc\u0103? \u2022 Ana-Maria Negril\u0103: Atena de ieri \u0219i de ast\u0103zi \u2022 Dan Ciuperc\u0103: Te adaptezi, deci exi\u0219ti \u2022 Constantin Fer\u0219eta: Cum ne-am ajutat copiii s\u0103 \u00eenve\u021be englez\u0103 \u2022 Gabriel Grecescu: Cum a luat na\u0219tere Grand Chess Tour? \u2022 Dan Farca\u0219: Principiul emergen\u021bei \u2022 Cristian Rom\u00e2n: Cronica Scepticului \u2022 Alexandru Mironov: Deschide cartea<\/span><\/div>\n","protected":false},"excerpt":{"rendered":"<p>Stiinta&amp;Tehnica 104 \/ aprilie 2021 Alexandru Mironov: Despre mersul lumii \u2022 ASTROFEST 2021 \u2022 Cristian Rom\u00e2n: NEWS \u2022 Claudiu Andone: PROTOTIPURI \u2022 Cristi Grigore: Outer Wilds \u2022 Domnul Dioda: Aproape totul despre Arduino \u2022 Gheorghe Gheorghe: O platform\u0103 robotic\u0103 inteligent\u0103 tip COBOT \u2022 Cristian Presur\u0103: 10 materiale care pot schimba lumea \u2022 Claudiu Andone: Creanga [&hellip;]<\/p>\n","protected":false},"featured_media":110,"comment_status":"open","ping_status":"closed","template":"","meta":[],"product_brand":[25],"product_cat":[28],"product_tag":[],"class_list":{"0":"post-109","1":"product","2":"type-product","3":"status-publish","4":"has-post-thumbnail","6":"product_brand-stiintatehnica","7":"product_cat-revista-stiintatehnica-online","9":"first","10":"instock","11":"shipping-taxable","12":"product-type-external"},"jetpack_sharing_enabled":true,"_links":{"self":[{"href":"https:\/\/stiintasitehnica.com\/shop\/wp-json\/wp\/v2\/product\/109","targetHints":{"allow":["GET"]}}],"collection":[{"href":"https:\/\/stiintasitehnica.com\/shop\/wp-json\/wp\/v2\/product"}],"about":[{"href":"https:\/\/stiintasitehnica.com\/shop\/wp-json\/wp\/v2\/types\/product"}],"replies":[{"embeddable":true,"href":"https:\/\/stiintasitehnica.com\/shop\/wp-json\/wp\/v2\/comments?post=109"}],"wp:featuredmedia":[{"embeddable":true,"href":"https:\/\/stiintasitehnica.com\/shop\/wp-json\/wp\/v2\/media\/110"}],"wp:attachment":[{"href":"https:\/\/stiintasitehnica.com\/shop\/wp-json\/wp\/v2\/media?parent=109"}],"wp:term":[{"taxonomy":"product_brand","embeddable":true,"href":"https:\/\/stiintasitehnica.com\/shop\/wp-json\/wp\/v2\/product_brand?post=109"},{"taxonomy":"product_cat","embeddable":true,"href":"https:\/\/stiintasitehnica.com\/shop\/wp-json\/wp\/v2\/product_cat?post=109"},{"taxonomy":"product_tag","embeddable":true,"href":"https:\/\/stiintasitehnica.com\/shop\/wp-json\/wp\/v2\/product_tag?post=109"}],"curies":[{"name":"wp","href":"https:\/\/api.w.org\/{rel}","templated":true}]}}