{"id":111,"date":"2025-03-28T17:28:42","date_gmt":"2025-03-28T15:28:42","guid":{"rendered":"https:\/\/stiintasitehnica.com\/shop\/?post_type=product&#038;p=111"},"modified":"2025-03-28T17:28:42","modified_gmt":"2025-03-28T15:28:42","slug":"revista-stiintatehnica-numarul-108","status":"publish","type":"product","link":"https:\/\/stiintasitehnica.com\/shop\/produs\/revista-stiintatehnica-numarul-108\/","title":{"rendered":"Revista Stiinta&#038;Tehnica numarul 108"},"content":{"rendered":"<div class=\"col s12 m8 center\"><span class=\"inlineblock bold-light grey-text text-darken-2 purchase-link-title\">S&amp;T108-digi<\/span><\/div>\n<div class=\"col s12 m8 center\"><span class=\"inlineblock grey-text text-darken-1\">ISBN: ISSN 1220\u20116555<\/span><\/div>\n<div class=\"col s12 m8 center\"><span class=\"inlineblock grey-text text-darken-1\">Alexandru Mironov: \u201eTo\u021bi pe lume fra\u021bi noi suntem\u201c \u2022Atlantykron 2021 \u2022 Cornel Laz\u0103r: Astrofest 2021 \u2013 Povestea unui succes \u2022 Claudiu Andone: PROTOTIPURI \u2022 Casa de vacan\u021b\u0103, \u00een natur\u0103 \u2022 C\u0103t\u0103lin Beldea: Pledoarie pentru cerul lunii septembrie \u2022 Cristian Roman: NEWS \u2022 Cristian Presur\u0103: Explozia unei supernove \u2022 Cristian Roman: Schimb\u0103ri climatice alarmante \u2022 Andrei Doroban\u021bu: \u00cenceputurile \u2022 Cristian M. Teodorescu: Magnetismul metalelor \u0219i magnetismul terestru \u2022 Remus Cotunoaea: Geomorfologia sistemului solar \u2022 Marcel Popescu: Cerul este cel mai vast laborator \u2022 Claudiu T\u0103n\u0103selia: Nauka \u2022 Cristian Roman: Spionajul spa\u021bial \u2022 Carol Florea: \u0218ah mat la F35? \u2022 Domnul Diod\u0103: Arduino \u0219i robo\u021bii \u2022 Oricine poate face robotic\u0103 \u2022 Vlad Ardeleanu: \u0218ahul merit\u0103 s\u0103 devin\u0103 un sport na\u021bional \u2022 Bogdan Mihailescu: Cine a inventat anima\u021bia \u2022 Bogdan Iv\u0103nescu: \u0218tirile \u0219tiin\u021bifice ale anului 2021 \u2022 Alexandru Mironov: Proiecte planetare \u2022 Ana-Maria Negril\u0103: Creta insul\u0103 de legend\u0103 \u2022 Marian Tru\u021b\u0103: Prima cosmonaut\u0103 \u2022 Dan Farca\u0219: \u0218tiin\u021bele de grani\u021b\u0103 \u2022 Cristian Roman: Suferin\u021bele \u0219tiin\u021bei \u00een pandemie (2) \u2022 Alexandru Mironov: Deschide cartea<\/span><\/div>\n","protected":false},"excerpt":{"rendered":"<p>S&amp;T108-digi ISBN: ISSN 1220\u20116555 Alexandru Mironov: \u201eTo\u021bi pe lume fra\u021bi noi suntem\u201c \u2022Atlantykron 2021 \u2022 Cornel Laz\u0103r: Astrofest 2021 \u2013 Povestea unui succes \u2022 Claudiu Andone: PROTOTIPURI \u2022 Casa de vacan\u021b\u0103, \u00een natur\u0103 \u2022 C\u0103t\u0103lin Beldea: Pledoarie pentru cerul lunii septembrie \u2022 Cristian Roman: NEWS \u2022 Cristian Presur\u0103: Explozia unei supernove \u2022 Cristian Roman: Schimb\u0103ri [&hellip;]<\/p>\n","protected":false},"featured_media":112,"comment_status":"open","ping_status":"closed","template":"","meta":[],"product_brand":[25],"product_cat":[28],"product_tag":[],"class_list":{"0":"post-111","1":"product","2":"type-product","3":"status-publish","4":"has-post-thumbnail","6":"product_brand-stiintatehnica","7":"product_cat-revista-stiintatehnica-online","9":"first","10":"instock","11":"shipping-taxable","12":"product-type-external"},"jetpack_sharing_enabled":true,"_links":{"self":[{"href":"https:\/\/stiintasitehnica.com\/shop\/wp-json\/wp\/v2\/product\/111","targetHints":{"allow":["GET"]}}],"collection":[{"href":"https:\/\/stiintasitehnica.com\/shop\/wp-json\/wp\/v2\/product"}],"about":[{"href":"https:\/\/stiintasitehnica.com\/shop\/wp-json\/wp\/v2\/types\/product"}],"replies":[{"embeddable":true,"href":"https:\/\/stiintasitehnica.com\/shop\/wp-json\/wp\/v2\/comments?post=111"}],"wp:featuredmedia":[{"embeddable":true,"href":"https:\/\/stiintasitehnica.com\/shop\/wp-json\/wp\/v2\/media\/112"}],"wp:attachment":[{"href":"https:\/\/stiintasitehnica.com\/shop\/wp-json\/wp\/v2\/media?parent=111"}],"wp:term":[{"taxonomy":"product_brand","embeddable":true,"href":"https:\/\/stiintasitehnica.com\/shop\/wp-json\/wp\/v2\/product_brand?post=111"},{"taxonomy":"product_cat","embeddable":true,"href":"https:\/\/stiintasitehnica.com\/shop\/wp-json\/wp\/v2\/product_cat?post=111"},{"taxonomy":"product_tag","embeddable":true,"href":"https:\/\/stiintasitehnica.com\/shop\/wp-json\/wp\/v2\/product_tag?post=111"}],"curies":[{"name":"wp","href":"https:\/\/api.w.org\/{rel}","templated":true}]}}