{"id":114,"date":"2025-03-28T17:29:58","date_gmt":"2025-03-28T15:29:58","guid":{"rendered":"https:\/\/stiintasitehnica.com\/shop\/?post_type=product&#038;p=114"},"modified":"2025-03-28T17:29:58","modified_gmt":"2025-03-28T15:29:58","slug":"revista-stiintatehnica-numarul-109","status":"publish","type":"product","link":"https:\/\/stiintasitehnica.com\/shop\/produs\/revista-stiintatehnica-numarul-109\/","title":{"rendered":"Revista Stiinta&#038;Tehnica numarul 109"},"content":{"rendered":"<div class=\"col s12 m8 center\"><span class=\"inlineblock bold-light grey-text text-darken-2 purchase-link-title\">S&amp;T 109-digi<\/span><\/div>\n<div class=\"col s12 m8 center\"><span class=\"inlineblock grey-text text-darken-1\">ISBN: ISSN 1220\u20116555<\/span><\/div>\n<div class=\"col s12 m8 center\"><span class=\"inlineblock grey-text text-darken-1\">Alexandru Mironov: Poem statistic \u2022 Cristina Ghidoveanu \u0219i Adrian B\u0103nu\u021b\u0103: Mic ghid DUNE \u2022 Adrian B\u0103nu\u021b\u0103: Sci + Fi FEST \u2022 Claudiu Andone: PROTOTIPURI \u2022 Cristian Rom\u00e2n: Premiile IG NOBEL 2021 \u2022 C\u0103t\u0103lin Beldea: A IX-a planet\u0103 \u2022 Remus Cotunoaea: Geomorfologia sistemului solar(2) \u2022 Cristian Presur\u0103: Ploaie instant \u2022 Bogdan Antonescu: Cod ro\u0219u Rom\u00e2nia \u2022 Andrei Doroban\u021bu: ELI-NP: Sistemul Gamma \u2022 Carol Florea: Avionul KF-21 \u2022 Claudiu T\u0103n\u0103selia: Cronici orbitale \u2022 Cristian Rom\u00e2n: Naveta spa\u021bial\u0103 sovietic\u0103 \u2022 Rica Pintilie: Tab\u0103ra urban\u0103 de robo\u021bi \u2022 Bogdan Botezatu: Cumperi pentru c\u0103 e\u0219ti manipulat \u2022 Cornel Laz\u0103r: Telefonul nostru cel de toate zilele \u2022 Cristian Cristea: TIAGo \u2022 Domnul Diod\u0103: Arduino \u0219i robo\u021bii \u2022 Bogdan Mih\u0103ilescu: Cine a inventat anima\u021bia (2 \u2022 Bogdan Iv\u0103nescu: O ZOONOZ\u0102 CELEBR\u0102 \u2022 Gabriel Grecescu: Campionatul european de \u0219ah \u2022 Alexandru Mironov: Proiecte planetare \u2022 Ana-Maria Negril\u0103: Creta \u2013 insul\u0103 de legend\u0103 \u2022 Marian Tru\u021b\u0103: Naviga\u021bia cosmic\u0103 \u2022 Dan Farca\u0219: \u0218tiin\u021bele de grani\u021b\u0103 \u2022 Cristian Roman: N\u0103zb\u00e2tii \u00een vremea pandemiei \u2022 Alexandru Mironov: Deschide cartea<\/span><\/div>\n","protected":false},"excerpt":{"rendered":"<p>S&amp;T 109-digi ISBN: ISSN 1220\u20116555 Alexandru Mironov: Poem statistic \u2022 Cristina Ghidoveanu \u0219i Adrian B\u0103nu\u021b\u0103: Mic ghid DUNE \u2022 Adrian B\u0103nu\u021b\u0103: Sci + Fi FEST \u2022 Claudiu Andone: PROTOTIPURI \u2022 Cristian Rom\u00e2n: Premiile IG NOBEL 2021 \u2022 C\u0103t\u0103lin Beldea: A IX-a planet\u0103 \u2022 Remus Cotunoaea: Geomorfologia sistemului solar(2) \u2022 Cristian Presur\u0103: Ploaie instant \u2022 Bogdan [&hellip;]<\/p>\n","protected":false},"featured_media":115,"comment_status":"open","ping_status":"closed","template":"","meta":[],"product_brand":[25],"product_cat":[28],"product_tag":[],"class_list":{"0":"post-114","1":"product","2":"type-product","3":"status-publish","4":"has-post-thumbnail","6":"product_brand-stiintatehnica","7":"product_cat-revista-stiintatehnica-online","9":"first","10":"instock","11":"shipping-taxable","12":"product-type-external"},"jetpack_sharing_enabled":true,"_links":{"self":[{"href":"https:\/\/stiintasitehnica.com\/shop\/wp-json\/wp\/v2\/product\/114","targetHints":{"allow":["GET"]}}],"collection":[{"href":"https:\/\/stiintasitehnica.com\/shop\/wp-json\/wp\/v2\/product"}],"about":[{"href":"https:\/\/stiintasitehnica.com\/shop\/wp-json\/wp\/v2\/types\/product"}],"replies":[{"embeddable":true,"href":"https:\/\/stiintasitehnica.com\/shop\/wp-json\/wp\/v2\/comments?post=114"}],"wp:featuredmedia":[{"embeddable":true,"href":"https:\/\/stiintasitehnica.com\/shop\/wp-json\/wp\/v2\/media\/115"}],"wp:attachment":[{"href":"https:\/\/stiintasitehnica.com\/shop\/wp-json\/wp\/v2\/media?parent=114"}],"wp:term":[{"taxonomy":"product_brand","embeddable":true,"href":"https:\/\/stiintasitehnica.com\/shop\/wp-json\/wp\/v2\/product_brand?post=114"},{"taxonomy":"product_cat","embeddable":true,"href":"https:\/\/stiintasitehnica.com\/shop\/wp-json\/wp\/v2\/product_cat?post=114"},{"taxonomy":"product_tag","embeddable":true,"href":"https:\/\/stiintasitehnica.com\/shop\/wp-json\/wp\/v2\/product_tag?post=114"}],"curies":[{"name":"wp","href":"https:\/\/api.w.org\/{rel}","templated":true}]}}