{"id":138,"date":"2025-03-28T17:43:37","date_gmt":"2025-03-28T15:43:37","guid":{"rendered":"https:\/\/stiintasitehnica.com\/shop\/?post_type=product&#038;p=138"},"modified":"2025-03-28T17:43:37","modified_gmt":"2025-03-28T15:43:37","slug":"revista-stiintatehnica-numarul-119","status":"publish","type":"product","link":"https:\/\/stiintasitehnica.com\/shop\/produs\/revista-stiintatehnica-numarul-119\/","title":{"rendered":"Revista Stiinta&#038;Tehnica numarul 119"},"content":{"rendered":"<div class=\"col s12 m8 center\"><span class=\"inlineblock bold-light grey-text text-darken-2 purchase-link-title\">S&amp;T 119-DIGI<\/span><\/div>\n<div class=\"col s12 m8 center\"><span class=\"inlineblock grey-text text-darken-1\">ISBN: ISSN 1220\u20116555<\/span><\/div>\n<div class=\"col s12 m8 center\"><span class=\"inlineblock grey-text text-darken-1\">\u2022 Alexandru Mironov: Rom\u00e2nia Viitorului \u2022 Caravana \u0219tiintei \u00een imagini \u2022 Radu Jugureanu: O conferin\u021b\u0103 despre viitor \u2022 C\u0103t\u0103lin Mosoia: Academia Rom\u00e2n\u0103 preg\u0103te\u0219te viitoarea elit\u0103 a Rom\u00e2niei \u2022 Claudiu Andone: Prototipuri \u2022 Percep\u0163ii privind fenomenele meteo extreme \u2022 Vladimir B\u0103nu\u021b\u0103: De veghe-n paji\u0219tea urban\u0103 \u2022 Marcel Popescu: C\u00c2T DUREAZ\u0102 O ZI? \u2022 Marius Jianu: IT \u00een slujba economiei circulare \u2022 Bogdan Cristescu: Aplica\u021bii industriale ale cobo\u021bilor \u2022 C\u0103t\u0103lin Beldea: Cum observ\u0103m planetele prin telescop \u2022 Magda Stavinschi: V\u00c2N\u0102TORI DE ECLIPSE (3) \u2022 Cristian Rom\u00e2n: Roiurile de galaxii \u2022 Claudiu T\u0103n\u0103selia: Cronici spa\u021biale \u2022 Cristian Presur\u0103: Povestea unui filosof \u2022 Cristian Rom\u00e2n: Criz\u0103 energetic\u0103 la CERN \u2022 C\u0103t\u0103lina Curceanu: Con\u0219tiin\u021ba, mecanica cuantic\u0103 \u0219i colapsul func\u021biei de und\u0103 \u2022 Grigore Antipa: Personalitate a \u0219tiin\u021bei mondiale \u2022 Bogdan Iv\u0103nescu: Strania poveste a omului elefant \u2022 Carol Florea: Muni\u021bia inteligent\u0103 \u2022 Bogdan Mih\u0103ilescu: Istoria anima\u021biei \u2022 Claudiu Andone: Casa inteligent\u0103 \u2022 Ana-Maria Negril\u0103: La pas prin istorie (I) \u2022 Cristina Ghidoveanu: O c\u0103l\u0103torie \u00een Canada \u2022 Bogdan Mih\u0103ilescu: GALACTIC IMAGINARIUM \u2022 Cristian Rom\u00e2n: Despre pseudo\u0219tiin\u021b\u0103 \u2022 Alexandru Mironov: Deschide cartea <\/span><\/div>\n","protected":false},"excerpt":{"rendered":"<p>S&amp;T 119-DIGI ISBN: ISSN 1220\u20116555 \u2022 Alexandru Mironov: Rom\u00e2nia Viitorului \u2022 Caravana \u0219tiintei \u00een imagini \u2022 Radu Jugureanu: O conferin\u021b\u0103 despre viitor \u2022 C\u0103t\u0103lin Mosoia: Academia Rom\u00e2n\u0103 preg\u0103te\u0219te viitoarea elit\u0103 a Rom\u00e2niei \u2022 Claudiu Andone: Prototipuri \u2022 Percep\u0163ii privind fenomenele meteo extreme \u2022 Vladimir B\u0103nu\u021b\u0103: De veghe-n paji\u0219tea urban\u0103 \u2022 Marcel Popescu: C\u00c2T DUREAZ\u0102 O [&hellip;]<\/p>\n","protected":false},"featured_media":139,"comment_status":"open","ping_status":"closed","template":"","meta":[],"product_brand":[25],"product_cat":[28],"product_tag":[],"class_list":{"0":"post-138","1":"product","2":"type-product","3":"status-publish","4":"has-post-thumbnail","6":"product_brand-stiintatehnica","7":"product_cat-revista-stiintatehnica-online","9":"first","10":"instock","11":"shipping-taxable","12":"product-type-external"},"jetpack_sharing_enabled":true,"_links":{"self":[{"href":"https:\/\/stiintasitehnica.com\/shop\/wp-json\/wp\/v2\/product\/138","targetHints":{"allow":["GET"]}}],"collection":[{"href":"https:\/\/stiintasitehnica.com\/shop\/wp-json\/wp\/v2\/product"}],"about":[{"href":"https:\/\/stiintasitehnica.com\/shop\/wp-json\/wp\/v2\/types\/product"}],"replies":[{"embeddable":true,"href":"https:\/\/stiintasitehnica.com\/shop\/wp-json\/wp\/v2\/comments?post=138"}],"wp:featuredmedia":[{"embeddable":true,"href":"https:\/\/stiintasitehnica.com\/shop\/wp-json\/wp\/v2\/media\/139"}],"wp:attachment":[{"href":"https:\/\/stiintasitehnica.com\/shop\/wp-json\/wp\/v2\/media?parent=138"}],"wp:term":[{"taxonomy":"product_brand","embeddable":true,"href":"https:\/\/stiintasitehnica.com\/shop\/wp-json\/wp\/v2\/product_brand?post=138"},{"taxonomy":"product_cat","embeddable":true,"href":"https:\/\/stiintasitehnica.com\/shop\/wp-json\/wp\/v2\/product_cat?post=138"},{"taxonomy":"product_tag","embeddable":true,"href":"https:\/\/stiintasitehnica.com\/shop\/wp-json\/wp\/v2\/product_tag?post=138"}],"curies":[{"name":"wp","href":"https:\/\/api.w.org\/{rel}","templated":true}]}}