{"id":140,"date":"2025-03-28T17:47:30","date_gmt":"2025-03-28T15:47:30","guid":{"rendered":"https:\/\/stiintasitehnica.com\/shop\/?post_type=product&#038;p=140"},"modified":"2025-03-28T17:47:30","modified_gmt":"2025-03-28T15:47:30","slug":"revista-stiintatehnica-numarul-120","status":"publish","type":"product","link":"https:\/\/stiintasitehnica.com\/shop\/produs\/revista-stiintatehnica-numarul-120\/","title":{"rendered":"Revista Stiinta&#038;Tehnica numarul 120"},"content":{"rendered":"<div class=\"col s12 m8 center\"><span class=\"inlineblock bold-light grey-text text-darken-2 purchase-link-title\">S&amp;T 120-DIGI<\/span><\/div>\n<div class=\"col s12 m8 center\"><span class=\"inlineblock grey-text text-darken-1\">ISBN: ISSN 1220\u20116555<\/span><\/div>\n<div class=\"col s12 m8 center\"><span class=\"inlineblock grey-text text-darken-1\">Alexandru Mironov: Via\u021ba la \u021bar\u0103 \u2022 Eveniment Grigore Antipa \u0219i Emil Racovi\u021b\u0103 \u2022 Dumitru Murariu: Emil Racovi\u021b\u0103 &#8211; Personalitate a \u0219tiin\u021bei mondiale \u2022 Oana Moldovan: Str\u0103mo\u0219ii europenilor \u2022 Cristian Rom\u00e2n: PREMIILE NOBEL 2022 \u2022 Claudiu Andone: Prototipuri \u2022 C\u0103t\u0103lin Beldea: Jupiter la marea opozi\u021bie \u2022 Dumitru Dorin Prunariu: De la Apollo la Artemis \u0219i dincolo de ele \u2022 Cristian Rom\u00e2n: Chuck Yeager \u2022 News \u2022 Carol Florea: Arme moderne \u2022 Claudiu T\u0103n\u0103selia: Cronici spa\u021biale \u2022 Marcel Popescu \u0219i Daniel Berte\u0219teanu: Misiunea DART \u2022 C\u0103t\u0103lin Mosoia: Geologia o op\u021biune pentru tineri \u2022 Abibula Aygum: Programe interactive \u2022 Claudiu Andone: Casa inteligent\u0103 \u2022 Bogdan Iv\u0103nescu \u0219i Adrian B\u0103nu\u021b\u0103: C\u00e2nd p\u0103rul nu-\u021bi mai flutur\u0103-n v\u00e2nt \u2022 Cristina Ghidoveanu: O c\u0103l\u0103torie \u00een Canada (3) \u2022 Ana-Maria Negril\u0103: La pas prin istorie (2) \u2022 Cristian Rom\u00e2n: Pseudo\u0219tiin\u021ba de partid \u0219i de stat \u2022 Alexandru Mironov: Deschide cartea<\/span><\/div>\n","protected":false},"excerpt":{"rendered":"<p>S&amp;T 120-DIGI ISBN: ISSN 1220\u20116555 Alexandru Mironov: Via\u021ba la \u021bar\u0103 \u2022 Eveniment Grigore Antipa \u0219i Emil Racovi\u021b\u0103 \u2022 Dumitru Murariu: Emil Racovi\u021b\u0103 &#8211; Personalitate a \u0219tiin\u021bei mondiale \u2022 Oana Moldovan: Str\u0103mo\u0219ii europenilor \u2022 Cristian Rom\u00e2n: PREMIILE NOBEL 2022 \u2022 Claudiu Andone: Prototipuri \u2022 C\u0103t\u0103lin Beldea: Jupiter la marea opozi\u021bie \u2022 Dumitru Dorin Prunariu: De la [&hellip;]<\/p>\n","protected":false},"featured_media":141,"comment_status":"open","ping_status":"closed","template":"","meta":[],"product_brand":[25],"product_cat":[28],"product_tag":[],"class_list":{"0":"post-140","1":"product","2":"type-product","3":"status-publish","4":"has-post-thumbnail","6":"product_brand-stiintatehnica","7":"product_cat-revista-stiintatehnica-online","9":"first","10":"instock","11":"shipping-taxable","12":"product-type-external"},"jetpack_sharing_enabled":true,"_links":{"self":[{"href":"https:\/\/stiintasitehnica.com\/shop\/wp-json\/wp\/v2\/product\/140","targetHints":{"allow":["GET"]}}],"collection":[{"href":"https:\/\/stiintasitehnica.com\/shop\/wp-json\/wp\/v2\/product"}],"about":[{"href":"https:\/\/stiintasitehnica.com\/shop\/wp-json\/wp\/v2\/types\/product"}],"replies":[{"embeddable":true,"href":"https:\/\/stiintasitehnica.com\/shop\/wp-json\/wp\/v2\/comments?post=140"}],"wp:featuredmedia":[{"embeddable":true,"href":"https:\/\/stiintasitehnica.com\/shop\/wp-json\/wp\/v2\/media\/141"}],"wp:attachment":[{"href":"https:\/\/stiintasitehnica.com\/shop\/wp-json\/wp\/v2\/media?parent=140"}],"wp:term":[{"taxonomy":"product_brand","embeddable":true,"href":"https:\/\/stiintasitehnica.com\/shop\/wp-json\/wp\/v2\/product_brand?post=140"},{"taxonomy":"product_cat","embeddable":true,"href":"https:\/\/stiintasitehnica.com\/shop\/wp-json\/wp\/v2\/product_cat?post=140"},{"taxonomy":"product_tag","embeddable":true,"href":"https:\/\/stiintasitehnica.com\/shop\/wp-json\/wp\/v2\/product_tag?post=140"}],"curies":[{"name":"wp","href":"https:\/\/api.w.org\/{rel}","templated":true}]}}