{"id":86,"date":"2025-03-28T17:12:05","date_gmt":"2025-03-28T15:12:05","guid":{"rendered":"https:\/\/stiintasitehnica.com\/shop\/?post_type=product&#038;p=86"},"modified":"2025-03-28T17:58:29","modified_gmt":"2025-03-28T15:58:29","slug":"revista-stiintatehnica-numarul-96","status":"publish","type":"product","link":"https:\/\/stiintasitehnica.com\/shop\/produs\/revista-stiintatehnica-numarul-96\/","title":{"rendered":"Revista Stiinta&#038;Tehnica numarul 96"},"content":{"rendered":"<p><span class=\"inlineblock grey-text text-darken-1\">\u00cen num\u0103rul 96 al revistei pute\u021bi citi despre lansarea navetei Crew Dragon \u0219i un interviu \u00een eclusivitate cu Mike Massimino, primul om care a trimis un SMS din spa\u021biu. Din sumar : Primele concluzii: SARS-COV-2 \u0219i COVID-19, \u00cenceputurile superfizicii particulelor elementare, Succes \u00een \u00eenv\u0103\u021bare prin tehnici virtuale, Schimb\u0103rile climatice, C\u00e2nd soarele este du\u0219manul nostru, Placajul viitorului, Boeing 777X, Ma\u0219inile viitorului, Stelele \u0219i via\u021ba, Astronomie \u00een pandemie, P\u0103m\u00e2ntul ca un stup uria\u0219, Din nou despre pandemie, Limitele matematicii, Robo\u021bii submarini, \u00cenc\u0103 un pas mic p\u00e2n\u0103 la 6200 de \u0219coli <\/span><\/p>\n","protected":false},"excerpt":{"rendered":"<p>\u00cen num\u0103rul 96 al revistei pute\u021bi citi despre lansarea navetei Crew Dragon \u0219i un interviu \u00een eclusivitate cu Mike Massimino, primul om care a trimis un SMS din spa\u021biu. Din sumar : Primele concluzii: SARS-COV-2 \u0219i COVID-19, \u00cenceputurile superfizicii particulelor elementare, Succes \u00een \u00eenv\u0103\u021bare prin tehnici virtuale, Schimb\u0103rile climatice, C\u00e2nd soarele este du\u0219manul nostru, Placajul [&hellip;]<\/p>\n","protected":false},"featured_media":87,"comment_status":"open","ping_status":"closed","template":"","meta":[],"product_brand":[],"product_cat":[28],"product_tag":[],"class_list":{"0":"post-86","1":"product","2":"type-product","3":"status-publish","4":"has-post-thumbnail","6":"product_cat-revista-stiintatehnica-online","8":"first","9":"instock","10":"shipping-taxable","11":"product-type-external"},"jetpack_sharing_enabled":true,"_links":{"self":[{"href":"https:\/\/stiintasitehnica.com\/shop\/wp-json\/wp\/v2\/product\/86","targetHints":{"allow":["GET"]}}],"collection":[{"href":"https:\/\/stiintasitehnica.com\/shop\/wp-json\/wp\/v2\/product"}],"about":[{"href":"https:\/\/stiintasitehnica.com\/shop\/wp-json\/wp\/v2\/types\/product"}],"replies":[{"embeddable":true,"href":"https:\/\/stiintasitehnica.com\/shop\/wp-json\/wp\/v2\/comments?post=86"}],"wp:featuredmedia":[{"embeddable":true,"href":"https:\/\/stiintasitehnica.com\/shop\/wp-json\/wp\/v2\/media\/87"}],"wp:attachment":[{"href":"https:\/\/stiintasitehnica.com\/shop\/wp-json\/wp\/v2\/media?parent=86"}],"wp:term":[{"taxonomy":"product_brand","embeddable":true,"href":"https:\/\/stiintasitehnica.com\/shop\/wp-json\/wp\/v2\/product_brand?post=86"},{"taxonomy":"product_cat","embeddable":true,"href":"https:\/\/stiintasitehnica.com\/shop\/wp-json\/wp\/v2\/product_cat?post=86"},{"taxonomy":"product_tag","embeddable":true,"href":"https:\/\/stiintasitehnica.com\/shop\/wp-json\/wp\/v2\/product_tag?post=86"}],"curies":[{"name":"wp","href":"https:\/\/api.w.org\/{rel}","templated":true}]}}